{"id":1662,"date":"2024-01-08T09:54:24","date_gmt":"2024-01-08T08:54:24","guid":{"rendered":"https:\/\/agendaurbana.arteixo.org\/accesibilidade\/"},"modified":"2024-01-08T10:01:02","modified_gmt":"2024-01-08T09:01:02","slug":"accesibilidade","status":"publish","type":"page","link":"https:\/\/agendaurbana.arteixo.org\/gl\/accesibilidade\/","title":{"rendered":"Accesibilidade"},"content":{"rendered":"<p>[et_pb_section fb_built=&#8221;1&#8243; admin_label=&#8221;section&#8221; _builder_version=&#8221;4.16&#8243; da_disable_devices=&#8221;off|off|off&#8221; global_colors_info=&#8221;{}&#8221; da_is_popup=&#8221;off&#8221; da_exit_intent=&#8221;off&#8221; da_has_close=&#8221;on&#8221; da_alt_close=&#8221;off&#8221; da_dark_close=&#8221;off&#8221; da_not_modal=&#8221;on&#8221; da_is_singular=&#8221;off&#8221; da_with_loader=&#8221;off&#8221; da_has_shadow=&#8221;on&#8221;][et_pb_row admin_label=&#8221;row&#8221; _builder_version=&#8221;4.16&#8243; background_size=&#8221;initial&#8221; background_position=&#8221;top_left&#8221; background_repeat=&#8221;repeat&#8221; global_colors_info=&#8221;{}&#8221;][et_pb_column type=&#8221;4_4&#8243; _builder_version=&#8221;4.16&#8243; custom_padding=&#8221;|||&#8221; global_colors_info=&#8221;{}&#8221; custom_padding__hover=&#8221;|||&#8221;][et_pb_text _builder_version=&#8221;4.23.4&#8243; _module_preset=&#8221;default&#8221; hover_enabled=&#8221;0&#8243; global_colors_info=&#8221;{}&#8221; sticky_enabled=&#8221;0&#8243;]<\/p>\n<h2>Pol\u00edtica de Accesibilidade<\/h2>\n<p>Este sitio web foi dese\u00f1ado co obxectivo de que todas as persoas poidan navegar polos seus contidos sen atoparen dificultades no acceso.<\/p>\n<p>A pol\u00edtica de accesibilidade aplicada neste sitio web est\u00e1 ali\u00f1ada coas esixencias do Real Decreto 1494\/2007, do 12 de novembro, polo que se aproba o Regulamento sobre as condici\u00f3ns b\u00e1sicas para o acceso das persoas con discapacidade \u00e1s tecnolox\u00edas, produtos e servizos relacionados coa sociedade da informaci\u00f3n e medios de comunicaci\u00f3n social.<\/p>\n<h2>Cumprimento dos est\u00e1ndares<\/h2>\n<p>As p\u00e1xinas deste sitio web cumpren a marca AA segundo a Norma UNE 139803:2012 e as Directrices de Accesibilidade para a Contido Web 2.0 do (WCAG 2.0) pola Iniciativa de Accesibilidade Web (WAI) do World Wide Web Consortium (W3C). Todos os requisitos do Nivel A e do Nivel AA foron comprobados e corrixidos mediante unha an\u00e1lise semi-autom\u00e1tica da accesibilidade a trav\u00e9s de diferentes ferramentas.<\/p>\n<p>Recom\u00e9ndase utilizar as versi\u00f3ns m\u00e1is recentes de navegadores tales como Mozilla Firefox, Google Chrome, Opera, Internet Explorer, Safari etc.<\/p>\n<p>Para a correcta visualizaci\u00f3n do portal gr\u00e1fico c\u00f3mpre poder executar Javascript.<\/p>\n<h2>Data da \u00faltima revisi\u00f3n<\/h2>\n<p>A \u00faltima revisi\u00f3n de accesibilidade deste portal foi realizada con data 08\/01\/2024.<\/p>\n<h2>Contacto<\/h2>\n<p>Na procura de mellorar de xeito continuado a accesibilidade deste portal, convida a que a cidadan\u00eda notifique as dificultades coas que se puido atopar ademais de calquera outra suxesti\u00f3n sobre a accesibilidade que estime a trav\u00e9s do servizo de atenci\u00f3n e de contacto dispo\u00f1ible.<\/p>\n<p>[\/et_pb_text][\/et_pb_column][\/et_pb_row][\/et_pb_section]<\/p>\n","protected":false},"excerpt":{"rendered":"<p>Pol\u00edtica de Accesibilidade Este sitio web foi dese\u00f1ado co obxectivo de que todas as persoas poidan navegar polos seus contidos sen atoparen dificultades no acceso. A pol\u00edtica de accesibilidade aplicada [&hellip;]<\/p>\n","protected":false},"author":1,"featured_media":0,"parent":0,"menu_order":0,"comment_status":"closed","ping_status":"closed","template":"","meta":{"_et_pb_use_builder":"on","_et_pb_old_content":"","_et_gb_content_width":"","footnotes":""},"class_list":["post-1662","page","type-page","status-publish","hentry"],"yoast_head":"<!-- This site is optimized with the Yoast SEO plugin v27.4 - https:\/\/yoast.com\/product\/yoast-seo-wordpress\/ -->\n<title>Accesibilidade - Agenda Urbana<\/title>\n<meta name=\"robots\" content=\"noindex, nofollow\" \/>\n<meta property=\"og:locale\" content=\"gl_ES\" \/>\n<meta property=\"og:type\" content=\"article\" \/>\n<meta property=\"og:title\" content=\"Accesibilidade - Agenda Urbana\" \/>\n<meta property=\"og:description\" content=\"Pol\u00edtica de Accesibilidade Este sitio web foi dese\u00f1ado co obxectivo de que todas as persoas poidan navegar polos seus contidos sen atoparen dificultades no acceso. A pol\u00edtica de accesibilidade aplicada [&hellip;]\" \/>\n<meta property=\"og:url\" content=\"https:\/\/agendaurbana.arteixo.org\/accesibilidad\/\" \/>\n<meta property=\"og:site_name\" content=\"Agenda Urbana\" \/>\n<meta property=\"article:publisher\" content=\"https:\/\/www.facebook.com\/ConcellodeArteixoOficial\/\" \/>\n<meta property=\"article:modified_time\" content=\"2024-01-08T09:01:02+00:00\" \/>\n<meta name=\"twitter:card\" content=\"summary_large_image\" \/>\n<meta name=\"twitter:site\" content=\"@arteixooficial\" \/>\n<meta name=\"twitter:label1\" content=\"Tempo de lectura\" \/>\n\t<meta name=\"twitter:data1\" content=\"2 minutos\" \/>\n<script type=\"application\/ld+json\" class=\"yoast-schema-graph\">{\"@context\":\"https:\\\/\\\/schema.org\",\"@graph\":[{\"@type\":\"WebPage\",\"@id\":\"https:\\\/\\\/agendaurbana.arteixo.org\\\/accesibilidad\\\/\",\"url\":\"https:\\\/\\\/agendaurbana.arteixo.org\\\/accesibilidad\\\/\",\"name\":\"Accesibilidade - Agenda Urbana\",\"isPartOf\":{\"@id\":\"https:\\\/\\\/agendaurbana.arteixo.org\\\/#website\"},\"datePublished\":\"2024-01-08T08:54:24+00:00\",\"dateModified\":\"2024-01-08T09:01:02+00:00\",\"breadcrumb\":{\"@id\":\"https:\\\/\\\/agendaurbana.arteixo.org\\\/accesibilidad\\\/#breadcrumb\"},\"inLanguage\":\"gl-ES\",\"potentialAction\":[{\"@type\":\"ReadAction\",\"target\":[\"https:\\\/\\\/agendaurbana.arteixo.org\\\/accesibilidad\\\/\"]}]},{\"@type\":\"BreadcrumbList\",\"@id\":\"https:\\\/\\\/agendaurbana.arteixo.org\\\/accesibilidad\\\/#breadcrumb\",\"itemListElement\":[{\"@type\":\"ListItem\",\"position\":1,\"name\":\"Inicio\",\"item\":\"https:\\\/\\\/agendaurbana.arteixo.org\\\/gl\\\/axenda-urbana\\\/\"},{\"@type\":\"ListItem\",\"position\":2,\"name\":\"Accesibilidade\"}]},{\"@type\":\"WebSite\",\"@id\":\"https:\\\/\\\/agendaurbana.arteixo.org\\\/#website\",\"url\":\"https:\\\/\\\/agendaurbana.arteixo.org\\\/\",\"name\":\"Agenda Urbana\",\"description\":\"Identificaci\u00f3n de los principales retos estrat\u00e9gicos para la definici\u00f3n del futuro de Arteixo\",\"publisher\":{\"@id\":\"https:\\\/\\\/agendaurbana.arteixo.org\\\/#organization\"},\"potentialAction\":[{\"@type\":\"SearchAction\",\"target\":{\"@type\":\"EntryPoint\",\"urlTemplate\":\"https:\\\/\\\/agendaurbana.arteixo.org\\\/?s={search_term_string}\"},\"query-input\":{\"@type\":\"PropertyValueSpecification\",\"valueRequired\":true,\"valueName\":\"search_term_string\"}}],\"inLanguage\":\"gl-ES\"},{\"@type\":\"Organization\",\"@id\":\"https:\\\/\\\/agendaurbana.arteixo.org\\\/#organization\",\"name\":\"Concello de Arteixo\",\"url\":\"https:\\\/\\\/agendaurbana.arteixo.org\\\/\",\"logo\":{\"@type\":\"ImageObject\",\"inLanguage\":\"gl-ES\",\"@id\":\"https:\\\/\\\/agendaurbana.arteixo.org\\\/#\\\/schema\\\/logo\\\/image\\\/\",\"url\":\"https:\\\/\\\/agendaurbana.arteixo.org\\\/wp-content\\\/uploads\\\/2023\\\/12\\\/logoArteixoAzul.png\",\"contentUrl\":\"https:\\\/\\\/agendaurbana.arteixo.org\\\/wp-content\\\/uploads\\\/2023\\\/12\\\/logoArteixoAzul.png\",\"width\":568,\"height\":128,\"caption\":\"Concello de Arteixo\"},\"image\":{\"@id\":\"https:\\\/\\\/agendaurbana.arteixo.org\\\/#\\\/schema\\\/logo\\\/image\\\/\"},\"sameAs\":[\"https:\\\/\\\/www.facebook.com\\\/ConcellodeArteixoOficial\\\/\",\"https:\\\/\\\/x.com\\\/arteixooficial\",\"https:\\\/\\\/www.instagram.com\\\/concellodearteixo\\\/?hl=es\"]}]}<\/script>\n<!-- \/ Yoast SEO plugin. -->","yoast_head_json":{"title":"Accesibilidade - Agenda Urbana","robots":{"index":"noindex","follow":"nofollow"},"og_locale":"gl_ES","og_type":"article","og_title":"Accesibilidade - Agenda Urbana","og_description":"Pol\u00edtica de Accesibilidade Este sitio web foi dese\u00f1ado co obxectivo de que todas as persoas poidan navegar polos seus contidos sen atoparen dificultades no acceso. A pol\u00edtica de accesibilidade aplicada [&hellip;]","og_url":"https:\/\/agendaurbana.arteixo.org\/accesibilidad\/","og_site_name":"Agenda Urbana","article_publisher":"https:\/\/www.facebook.com\/ConcellodeArteixoOficial\/","article_modified_time":"2024-01-08T09:01:02+00:00","twitter_card":"summary_large_image","twitter_site":"@arteixooficial","twitter_misc":{"Tempo de lectura":"2 minutos"},"schema":{"@context":"https:\/\/schema.org","@graph":[{"@type":"WebPage","@id":"https:\/\/agendaurbana.arteixo.org\/accesibilidad\/","url":"https:\/\/agendaurbana.arteixo.org\/accesibilidad\/","name":"Accesibilidade - Agenda Urbana","isPartOf":{"@id":"https:\/\/agendaurbana.arteixo.org\/#website"},"datePublished":"2024-01-08T08:54:24+00:00","dateModified":"2024-01-08T09:01:02+00:00","breadcrumb":{"@id":"https:\/\/agendaurbana.arteixo.org\/accesibilidad\/#breadcrumb"},"inLanguage":"gl-ES","potentialAction":[{"@type":"ReadAction","target":["https:\/\/agendaurbana.arteixo.org\/accesibilidad\/"]}]},{"@type":"BreadcrumbList","@id":"https:\/\/agendaurbana.arteixo.org\/accesibilidad\/#breadcrumb","itemListElement":[{"@type":"ListItem","position":1,"name":"Inicio","item":"https:\/\/agendaurbana.arteixo.org\/gl\/axenda-urbana\/"},{"@type":"ListItem","position":2,"name":"Accesibilidade"}]},{"@type":"WebSite","@id":"https:\/\/agendaurbana.arteixo.org\/#website","url":"https:\/\/agendaurbana.arteixo.org\/","name":"Agenda Urbana","description":"Identificaci\u00f3n de los principales retos estrat\u00e9gicos para la definici\u00f3n del futuro de Arteixo","publisher":{"@id":"https:\/\/agendaurbana.arteixo.org\/#organization"},"potentialAction":[{"@type":"SearchAction","target":{"@type":"EntryPoint","urlTemplate":"https:\/\/agendaurbana.arteixo.org\/?s={search_term_string}"},"query-input":{"@type":"PropertyValueSpecification","valueRequired":true,"valueName":"search_term_string"}}],"inLanguage":"gl-ES"},{"@type":"Organization","@id":"https:\/\/agendaurbana.arteixo.org\/#organization","name":"Concello de Arteixo","url":"https:\/\/agendaurbana.arteixo.org\/","logo":{"@type":"ImageObject","inLanguage":"gl-ES","@id":"https:\/\/agendaurbana.arteixo.org\/#\/schema\/logo\/image\/","url":"https:\/\/agendaurbana.arteixo.org\/wp-content\/uploads\/2023\/12\/logoArteixoAzul.png","contentUrl":"https:\/\/agendaurbana.arteixo.org\/wp-content\/uploads\/2023\/12\/logoArteixoAzul.png","width":568,"height":128,"caption":"Concello de Arteixo"},"image":{"@id":"https:\/\/agendaurbana.arteixo.org\/#\/schema\/logo\/image\/"},"sameAs":["https:\/\/www.facebook.com\/ConcellodeArteixoOficial\/","https:\/\/x.com\/arteixooficial","https:\/\/www.instagram.com\/concellodearteixo\/?hl=es"]}]}},"_links":{"self":[{"href":"https:\/\/agendaurbana.arteixo.org\/gl\/wp-json\/wp\/v2\/pages\/1662","targetHints":{"allow":["GET"]}}],"collection":[{"href":"https:\/\/agendaurbana.arteixo.org\/gl\/wp-json\/wp\/v2\/pages"}],"about":[{"href":"https:\/\/agendaurbana.arteixo.org\/gl\/wp-json\/wp\/v2\/types\/page"}],"author":[{"embeddable":true,"href":"https:\/\/agendaurbana.arteixo.org\/gl\/wp-json\/wp\/v2\/users\/1"}],"replies":[{"embeddable":true,"href":"https:\/\/agendaurbana.arteixo.org\/gl\/wp-json\/wp\/v2\/comments?post=1662"}],"version-history":[{"count":4,"href":"https:\/\/agendaurbana.arteixo.org\/gl\/wp-json\/wp\/v2\/pages\/1662\/revisions"}],"predecessor-version":[{"id":1667,"href":"https:\/\/agendaurbana.arteixo.org\/gl\/wp-json\/wp\/v2\/pages\/1662\/revisions\/1667"}],"wp:attachment":[{"href":"https:\/\/agendaurbana.arteixo.org\/gl\/wp-json\/wp\/v2\/media?parent=1662"}],"curies":[{"name":"wp","href":"https:\/\/api.w.org\/{rel}","templated":true}]}}

<p>[et_pb_section fb_built=&#8221;1&#8243; admin_label=&#8221;section&#8221; _builder_version=&#8221;4.16&#8243; da_disable_devices=&#8221;off|off|off&#8221; global_colors_info=&#8221;{}&#8221; da_is_popup=&#8221;off&#8221; da_exit_intent=&#8221;off&#8221; da_has_close=&#8221;on&#8221; da_alt_close=&#8221;off&#8221; da_dark_close=&#8221;off&#8221; da_not_modal=&#8221;on&#8221; da_is_singular=&#8221;off&#8221; da_with_loader=&#8221;off&#8221; da_has_shadow=&#8221;on&#8221;][et_pb_row admin_label=&#8221;row&#8221; _builder_version=&#8221;4.16&#8243; background_size=&#8221;initial&#8221; background_position=&#8221;top_left&#8221; background_repeat=&#8221;repeat&#8221; global_colors_info=&#8221;{}&#8221;][et_pb_column type=&#8221;4_4&#8243; _builder_version=&#8221;4.16&#8243; custom_padding=&#8221;|||&#8221; global_colors_info=&#8221;{}&#8221; custom_padding__hover=&#8221;|||&#8221;][et_pb_text _builder_version=&#8221;4.23.4&#8243; _module_preset=&#8221;default&#8221; hover_enabled=&#8221;0&#8243; global_colors_info=&#8221;{}&#8221; sticky_enabled=&#8221;0&#8243;]</p>
<h2>Política de Accesibilidade</h2>
<p>Este sitio web foi deseñado co obxectivo de que todas as persoas poidan navegar polos seus contidos sen atoparen dificultades no acceso.</p>
<p>A política de accesibilidade aplicada neste sitio web está aliñada coas esixencias do Real Decreto 1494/2007, do 12 de novembro, polo que se aproba o Regulamento sobre as condicións básicas para o acceso das persoas con discapacidade ás tecnoloxías, produtos e servizos relacionados coa sociedade da información e medios de comunicación social.</p>
<h2>Cumprimento dos estándares</h2>
<p>As páxinas deste sitio web cumpren a marca AA segundo a Norma UNE 139803:2012 e as Directrices de Accesibilidade para a Contido Web 2.0 do (WCAG 2.0) pola Iniciativa de Accesibilidade Web (WAI) do World Wide Web Consortium (W3C). Todos os requisitos do Nivel A e do Nivel AA foron comprobados e corrixidos mediante unha análise semi-automática da accesibilidade a través de diferentes ferramentas.</p>
<p>Recoméndase utilizar as versións máis recentes de navegadores tales como Mozilla Firefox, Google Chrome, Opera, Internet Explorer, Safari etc.</p>
<p>Para a correcta visualización do portal gráfico cómpre poder executar Javascript.</p>
<h2>Data da última revisión</h2>
<p>A última revisión de accesibilidade deste portal foi realizada con data 08/01/2024.</p>
<h2>Contacto</h2>
<p>Na procura de mellorar de xeito continuado a accesibilidade deste portal, convida a que a cidadanía notifique as dificultades coas que se puido atopar ademais de calquera outra suxestión sobre a accesibilidade que estime a través do servizo de atención e de contacto dispoñible.</p>
<p>[/et_pb_text][/et_pb_column][/et_pb_row][/et_pb_section]</p>

<p>Política de Accesibilidade Este sitio web foi deseñado co obxectivo de que todas as persoas poidan navegar polos seus contidos sen atoparen dificultades no acceso. A política de accesibilidade aplicada [&hellip;]</p>

<!-- This site is optimized with the Yoast SEO plugin v27.4 - https://yoast.com/product/yoast-seo-wordpress/ -->
<title>Accesibilidade - Agenda Urbana</title>
<meta name="robots" content="noindex, nofollow" />
<meta property="og:locale" content="gl_ES" />
<meta property="og:type" content="article" />
<meta property="og:title" content="Accesibilidade - Agenda Urbana" />
<meta property="og:description" content="Política de Accesibilidade Este sitio web foi deseñado co obxectivo de que todas as persoas poidan navegar polos seus contidos sen atoparen dificultades no acceso. A política de accesibilidade aplicada [&hellip;]" />
<meta property="og:url" content="https://agendaurbana.arteixo.org/accesibilidad/" />
<meta property="og:site_name" content="Agenda Urbana" />
<meta property="article:publisher" content="https://www.facebook.com/ConcellodeArteixoOficial/" />
<meta property="article:modified_time" content="2024-01-08T09:01:02+00:00" />
<meta name="twitter:card" content="summary_large_image" />
<meta name="twitter:site" content="@arteixooficial" />
<meta name="twitter:label1" content="Tempo de lectura" />
	<meta name="twitter:data1" content="2 minutos" />
<script type="application/ld+json" class="yoast-schema-graph">{"@context":"https:\/\/schema.org","@graph":[{"@type":"WebPage","@id":"https:\/\/agendaurbana.arteixo.org\/accesibilidad\/","url":"https:\/\/agendaurbana.arteixo.org\/accesibilidad\/","name":"Accesibilidade - Agenda Urbana","isPartOf":{"@id":"https:\/\/agendaurbana.arteixo.org\/#website"},"datePublished":"2024-01-08T08:54:24+00:00","dateModified":"2024-01-08T09:01:02+00:00","breadcrumb":{"@id":"https:\/\/agendaurbana.arteixo.org\/accesibilidad\/#breadcrumb"},"inLanguage":"gl-ES","potentialAction":[{"@type":"ReadAction","target":["https:\/\/agendaurbana.arteixo.org\/accesibilidad\/"]}]},{"@type":"BreadcrumbList","@id":"https:\/\/agendaurbana.arteixo.org\/accesibilidad\/#breadcrumb","itemListElement":[{"@type":"ListItem","position":1,"name":"Inicio","item":"https:\/\/agendaurbana.arteixo.org\/gl\/axenda-urbana\/"},{"@type":"ListItem","position":2,"name":"Accesibilidade"}]},{"@type":"WebSite","@id":"https:\/\/agendaurbana.arteixo.org\/#website","url":"https:\/\/agendaurbana.arteixo.org\/","name":"Agenda Urbana","description":"Identificación de los principales retos estratégicos para la definición del futuro de Arteixo","publisher":{"@id":"https:\/\/agendaurbana.arteixo.org\/#organization"},"potentialAction":[{"@type":"SearchAction","target":{"@type":"EntryPoint","urlTemplate":"https:\/\/agendaurbana.arteixo.org\/?s={search_term_string}"},"query-input":{"@type":"PropertyValueSpecification","valueRequired":true,"valueName":"search_term_string"}}],"inLanguage":"gl-ES"},{"@type":"Organization","@id":"https:\/\/agendaurbana.arteixo.org\/#organization","name":"Concello de Arteixo","url":"https:\/\/agendaurbana.arteixo.org\/","logo":{"@type":"ImageObject","inLanguage":"gl-ES","@id":"https:\/\/agendaurbana.arteixo.org\/#\/schema\/logo\/image\/","url":"https:\/\/agendaurbana.arteixo.org\/wp-content\/uploads\/2023\/12\/logoArteixoAzul.png","contentUrl":"https:\/\/agendaurbana.arteixo.org\/wp-content\/uploads\/2023\/12\/logoArteixoAzul.png","width":568,"height":128,"caption":"Concello de Arteixo"},"image":{"@id":"https:\/\/agendaurbana.arteixo.org\/#\/schema\/logo\/image\/"},"sameAs":["https:\/\/www.facebook.com\/ConcellodeArteixoOficial\/","https:\/\/x.com\/arteixooficial","https:\/\/www.instagram.com\/concellodearteixo\/?hl=es"]}]}</script>
<!-- / Yoast SEO plugin. -->

Política de Accesibilidade Este sitio web foi deseñado co obxectivo de que todas as persoas poidan navegar polos seus contidos sen atoparen dificultades no acceso. A política de accesibilidade aplicada [&hellip;]

Identificación de los principales retos estratégicos para la definición del futuro de Arteixo
