{"id":2192,"date":"2025-02-20T08:10:50","date_gmt":"2025-02-20T07:10:50","guid":{"rendered":"https:\/\/agendaurbana.arteixo.org\/evento\/mesa-sectorial-servizos-sociais\/"},"modified":"2025-03-10T14:13:15","modified_gmt":"2025-03-10T13:13:15","slug":"mesa-sectorial-servizos-sociais","status":"publish","type":"tribe_events","link":"https:\/\/agendaurbana.arteixo.org\/gl\/evento\/mesa-sectorial-servizos-sociais\/","title":{"rendered":"Mesa Sectorial Servizos Sociais"},"content":{"rendered":"<p>[et_pb_section fb_built=&#8221;1&#8243; admin_label=&#8221;section&#8221; _builder_version=&#8221;4.16&#8243; da_disable_devices=&#8221;off|off|off&#8221; global_colors_info=&#8221;{}&#8221; da_is_popup=&#8221;off&#8221; da_exit_intent=&#8221;off&#8221; da_has_close=&#8221;on&#8221; da_alt_close=&#8221;off&#8221; da_dark_close=&#8221;off&#8221; da_not_modal=&#8221;on&#8221; da_is_singular=&#8221;off&#8221; da_with_loader=&#8221;off&#8221; da_has_shadow=&#8221;on&#8221;][et_pb_row admin_label=&#8221;row&#8221; _builder_version=&#8221;4.16&#8243; background_size=&#8221;initial&#8221; background_position=&#8221;top_left&#8221; background_repeat=&#8221;repeat&#8221; global_colors_info=&#8221;{}&#8221;][et_pb_column type=&#8221;4_4&#8243; _builder_version=&#8221;4.16&#8243; custom_padding=&#8221;|||&#8221; global_colors_info=&#8221;{}&#8221; custom_padding__hover=&#8221;|||&#8221;][et_pb_text _builder_version=&#8221;4.27.4&#8243; _module_preset=&#8221;default&#8221; hover_enabled=&#8221;0&#8243; sticky_enabled=&#8221;0&#8243; admin_label=&#8221;Text &#8211; Actores territoriales representantes del tercer sector y entidades sociales con incidencia en el \u00e1mbito territorial de Arteixo&#8221;]<\/p>\n<p>Actores territoriais representantes do terceiro sector e entidades sociais con incidencia no \u00e1mbito territorial de Arteixo.<\/p>\n<p>\u2022 Obxecto da reuni\u00f3n: presentaci\u00f3n do marco correspondente \u00e1 candidatura #de acordo con a Orde HAC\/1072\/2024, do 2 de outubro, pola que se aproban as bases reguladoras para a asignaci\u00f3n de senda financeira FEDER a Plans de actuaci\u00f3n integrados de entidades locais, no marco do Desenvolvemento Urbano Sostible, con cargo ao Fondo Europeo de Desenvolvemento Rexional no per\u00edodo de programaci\u00f3n 2021-2027.<\/p>\n<p>\u2022 Acci\u00f3ns desenvolvidas:<\/p>\n<p><strong>1.<\/strong> Exposici\u00f3n dos proxectos propostos para o Plan de Actuaci\u00f3n Integrado (PAI) da Estratexia de Desenvolvemento Integrado Local (EDIL), todos eles resultantes do proceso participativo desenvolvido #de acordo con o modelo de gobernanza de AURA.<\/p>\n<p><strong>2.<\/strong> Presentaci\u00f3n da Fase 3 de AURA: implementaci\u00f3n do modelo de gobernanza territorial para crear a Axenda Compartida.<\/p>\n<p><strong>3.<\/strong> Acci\u00f3n grupal: realizaci\u00f3n de preguntas e propostas incorporadas na elaboraci\u00f3n definitiva do PAI \u2013 Arteixo en positivo.<\/p>\n<p><strong>Asistentes:<\/strong><\/p>\n<p>\u2022 Centro Agarimo Terciarios capuchinos #Luis Amig\u00f3 Amigonianos \u2022 Asociaci\u00f3n Agarimo Arteixo \u2022 APEM Coru\u00f1a Asociaci\u00f3n prol enfermos mentais \u2022 ASPACE. Asociaci\u00f3n de pais de persoas con par\u00e1lise cerebral \u2022 AFACO. Asociaci\u00f3n de familiares de enfermos de Alzheimer \u2022 Federaci\u00f3n de Xordos. SAPS Coru\u00f1a (FAXPG).   <br \/>\u2022 Federaci\u00f3n de Xordos. Emprego. Coru\u00f1a (FAXPG)<br \/>\u2022 AC Mariana<br \/>\u2022 Departamento de Servizos Sociais<br \/>\u2022 Departamento de Participaci\u00f3n Cidad\u00e1<br \/>\u2022 Departamento de Econom\u00eda e Facenda<br \/>\u2022 Oficina de Planificaci\u00f3n Estrat\u00e9xica  <\/p>\n<p>[\/et_pb_text][\/et_pb_column][\/et_pb_row][\/et_pb_section]<\/p>\n","protected":false},"excerpt":{"rendered":"<p>Actores territoriais representantes do terceiro sector e entidades sociais con incidencia no \u00e1mbito territorial de Arteixo. \u2022 Obxecto da reuni\u00f3n: presentaci\u00f3n do marco correspondente \u00e1 candidatura #de acordo con a [&hellip;]<\/p>\n","protected":false},"author":1,"featured_media":0,"template":"","meta":{"_et_pb_use_builder":"on","_et_pb_old_content":"","_et_gb_content_width":"","_tribe_events_status":"","_tribe_events_status_reason":"","footnotes":""},"tags":[],"tribe_events_cat":[51,54],"class_list":["post-2192","tribe_events","type-tribe_events","status-publish","hentry","tribe_events_cat-3-acciones-participativas-gl-2","tribe_events_cat-3-mesas-sectoriales-gl-2","cat_3-acciones-participativas-gl-2","cat_3-mesas-sectoriales-gl-2"],"yoast_head":"<!-- This site is optimized with the Yoast SEO plugin v27.4 - https:\/\/yoast.com\/product\/yoast-seo-wordpress\/ -->\n<title>Mesa Sectorial Servizos Sociais - Agenda Urbana<\/title>\n<meta name=\"robots\" content=\"index, follow, max-snippet:-1, max-image-preview:large, max-video-preview:-1\" \/>\n<link rel=\"canonical\" href=\"https:\/\/agendaurbana.arteixo.org\/gl\/evento\/mesa-sectorial-servizos-sociais\/\" \/>\n<meta property=\"og:locale\" content=\"gl_ES\" \/>\n<meta property=\"og:type\" content=\"article\" \/>\n<meta property=\"og:title\" content=\"Mesa Sectorial Servizos Sociais - Agenda Urbana\" \/>\n<meta property=\"og:description\" content=\"Actores territoriais representantes do terceiro sector e entidades sociais con incidencia no \u00e1mbito territorial de Arteixo. \u2022 Obxecto da reuni\u00f3n: presentaci\u00f3n do marco correspondente \u00e1 candidatura #de acordo con a [&hellip;]\" \/>\n<meta property=\"og:url\" content=\"https:\/\/agendaurbana.arteixo.org\/gl\/evento\/mesa-sectorial-servizos-sociais\/\" \/>\n<meta property=\"og:site_name\" content=\"Agenda Urbana\" \/>\n<meta property=\"article:publisher\" content=\"https:\/\/www.facebook.com\/ConcellodeArteixoOficial\/\" \/>\n<meta property=\"article:modified_time\" content=\"2025-03-10T13:13:15+00:00\" \/>\n<meta name=\"twitter:card\" content=\"summary_large_image\" \/>\n<meta name=\"twitter:site\" content=\"@arteixooficial\" \/>\n<meta name=\"twitter:label1\" content=\"Tempo de lectura\" \/>\n\t<meta name=\"twitter:data1\" content=\"2 minutos\" \/>\n<script type=\"application\/ld+json\" class=\"yoast-schema-graph\">{\"@context\":\"https:\\\/\\\/schema.org\",\"@graph\":[{\"@type\":\"WebPage\",\"@id\":\"https:\\\/\\\/agendaurbana.arteixo.org\\\/gl\\\/evento\\\/mesa-sectorial-servizos-sociais\\\/\",\"url\":\"https:\\\/\\\/agendaurbana.arteixo.org\\\/gl\\\/evento\\\/mesa-sectorial-servizos-sociais\\\/\",\"name\":\"Mesa Sectorial Servizos Sociais - Agenda Urbana\",\"isPartOf\":{\"@id\":\"https:\\\/\\\/agendaurbana.arteixo.org\\\/#website\"},\"datePublished\":\"2025-02-20T07:10:50+00:00\",\"dateModified\":\"2025-03-10T13:13:15+00:00\",\"breadcrumb\":{\"@id\":\"https:\\\/\\\/agendaurbana.arteixo.org\\\/gl\\\/evento\\\/mesa-sectorial-servizos-sociais\\\/#breadcrumb\"},\"inLanguage\":\"gl-ES\",\"potentialAction\":[{\"@type\":\"ReadAction\",\"target\":[\"https:\\\/\\\/agendaurbana.arteixo.org\\\/gl\\\/evento\\\/mesa-sectorial-servizos-sociais\\\/\"]}]},{\"@type\":\"BreadcrumbList\",\"@id\":\"https:\\\/\\\/agendaurbana.arteixo.org\\\/gl\\\/evento\\\/mesa-sectorial-servizos-sociais\\\/#breadcrumb\",\"itemListElement\":[{\"@type\":\"ListItem\",\"position\":1,\"name\":\"Inicio\",\"item\":\"https:\\\/\\\/agendaurbana.arteixo.org\\\/gl\\\/axenda-urbana\\\/\"},{\"@type\":\"ListItem\",\"position\":2,\"name\":\"Eventos\",\"item\":\"https:\\\/\\\/agendaurbana.arteixo.org\\\/eventos\\\/\"},{\"@type\":\"ListItem\",\"position\":3,\"name\":\"Mesa Sectorial Servizos Sociais\"}]},{\"@type\":\"WebSite\",\"@id\":\"https:\\\/\\\/agendaurbana.arteixo.org\\\/#website\",\"url\":\"https:\\\/\\\/agendaurbana.arteixo.org\\\/\",\"name\":\"Agenda Urbana\",\"description\":\"Identificaci\u00f3n de los principales retos estrat\u00e9gicos para la definici\u00f3n del futuro de Arteixo\",\"publisher\":{\"@id\":\"https:\\\/\\\/agendaurbana.arteixo.org\\\/#organization\"},\"potentialAction\":[{\"@type\":\"SearchAction\",\"target\":{\"@type\":\"EntryPoint\",\"urlTemplate\":\"https:\\\/\\\/agendaurbana.arteixo.org\\\/?s={search_term_string}\"},\"query-input\":{\"@type\":\"PropertyValueSpecification\",\"valueRequired\":true,\"valueName\":\"search_term_string\"}}],\"inLanguage\":\"gl-ES\"},{\"@type\":\"Organization\",\"@id\":\"https:\\\/\\\/agendaurbana.arteixo.org\\\/#organization\",\"name\":\"Concello de Arteixo\",\"url\":\"https:\\\/\\\/agendaurbana.arteixo.org\\\/\",\"logo\":{\"@type\":\"ImageObject\",\"inLanguage\":\"gl-ES\",\"@id\":\"https:\\\/\\\/agendaurbana.arteixo.org\\\/#\\\/schema\\\/logo\\\/image\\\/\",\"url\":\"https:\\\/\\\/agendaurbana.arteixo.org\\\/wp-content\\\/uploads\\\/2023\\\/12\\\/logoArteixoAzul.png\",\"contentUrl\":\"https:\\\/\\\/agendaurbana.arteixo.org\\\/wp-content\\\/uploads\\\/2023\\\/12\\\/logoArteixoAzul.png\",\"width\":568,\"height\":128,\"caption\":\"Concello de Arteixo\"},\"image\":{\"@id\":\"https:\\\/\\\/agendaurbana.arteixo.org\\\/#\\\/schema\\\/logo\\\/image\\\/\"},\"sameAs\":[\"https:\\\/\\\/www.facebook.com\\\/ConcellodeArteixoOficial\\\/\",\"https:\\\/\\\/x.com\\\/arteixooficial\",\"https:\\\/\\\/www.instagram.com\\\/concellodearteixo\\\/?hl=es\"]}]}<\/script>\n<!-- \/ Yoast SEO plugin. -->","yoast_head_json":{"title":"Mesa Sectorial Servizos Sociais - Agenda Urbana","robots":{"index":"index","follow":"follow","max-snippet":"max-snippet:-1","max-image-preview":"max-image-preview:large","max-video-preview":"max-video-preview:-1"},"canonical":"https:\/\/agendaurbana.arteixo.org\/gl\/evento\/mesa-sectorial-servizos-sociais\/","og_locale":"gl_ES","og_type":"article","og_title":"Mesa Sectorial Servizos Sociais - Agenda Urbana","og_description":"Actores territoriais representantes do terceiro sector e entidades sociais con incidencia no \u00e1mbito territorial de Arteixo. \u2022 Obxecto da reuni\u00f3n: presentaci\u00f3n do marco correspondente \u00e1 candidatura #de acordo con a [&hellip;]","og_url":"https:\/\/agendaurbana.arteixo.org\/gl\/evento\/mesa-sectorial-servizos-sociais\/","og_site_name":"Agenda Urbana","article_publisher":"https:\/\/www.facebook.com\/ConcellodeArteixoOficial\/","article_modified_time":"2025-03-10T13:13:15+00:00","twitter_card":"summary_large_image","twitter_site":"@arteixooficial","twitter_misc":{"Tempo de lectura":"2 minutos"},"schema":{"@context":"https:\/\/schema.org","@graph":[{"@type":"WebPage","@id":"https:\/\/agendaurbana.arteixo.org\/gl\/evento\/mesa-sectorial-servizos-sociais\/","url":"https:\/\/agendaurbana.arteixo.org\/gl\/evento\/mesa-sectorial-servizos-sociais\/","name":"Mesa Sectorial Servizos Sociais - Agenda Urbana","isPartOf":{"@id":"https:\/\/agendaurbana.arteixo.org\/#website"},"datePublished":"2025-02-20T07:10:50+00:00","dateModified":"2025-03-10T13:13:15+00:00","breadcrumb":{"@id":"https:\/\/agendaurbana.arteixo.org\/gl\/evento\/mesa-sectorial-servizos-sociais\/#breadcrumb"},"inLanguage":"gl-ES","potentialAction":[{"@type":"ReadAction","target":["https:\/\/agendaurbana.arteixo.org\/gl\/evento\/mesa-sectorial-servizos-sociais\/"]}]},{"@type":"BreadcrumbList","@id":"https:\/\/agendaurbana.arteixo.org\/gl\/evento\/mesa-sectorial-servizos-sociais\/#breadcrumb","itemListElement":[{"@type":"ListItem","position":1,"name":"Inicio","item":"https:\/\/agendaurbana.arteixo.org\/gl\/axenda-urbana\/"},{"@type":"ListItem","position":2,"name":"Eventos","item":"https:\/\/agendaurbana.arteixo.org\/eventos\/"},{"@type":"ListItem","position":3,"name":"Mesa Sectorial Servizos Sociais"}]},{"@type":"WebSite","@id":"https:\/\/agendaurbana.arteixo.org\/#website","url":"https:\/\/agendaurbana.arteixo.org\/","name":"Agenda Urbana","description":"Identificaci\u00f3n de los principales retos estrat\u00e9gicos para la definici\u00f3n del futuro de Arteixo","publisher":{"@id":"https:\/\/agendaurbana.arteixo.org\/#organization"},"potentialAction":[{"@type":"SearchAction","target":{"@type":"EntryPoint","urlTemplate":"https:\/\/agendaurbana.arteixo.org\/?s={search_term_string}"},"query-input":{"@type":"PropertyValueSpecification","valueRequired":true,"valueName":"search_term_string"}}],"inLanguage":"gl-ES"},{"@type":"Organization","@id":"https:\/\/agendaurbana.arteixo.org\/#organization","name":"Concello de Arteixo","url":"https:\/\/agendaurbana.arteixo.org\/","logo":{"@type":"ImageObject","inLanguage":"gl-ES","@id":"https:\/\/agendaurbana.arteixo.org\/#\/schema\/logo\/image\/","url":"https:\/\/agendaurbana.arteixo.org\/wp-content\/uploads\/2023\/12\/logoArteixoAzul.png","contentUrl":"https:\/\/agendaurbana.arteixo.org\/wp-content\/uploads\/2023\/12\/logoArteixoAzul.png","width":568,"height":128,"caption":"Concello de Arteixo"},"image":{"@id":"https:\/\/agendaurbana.arteixo.org\/#\/schema\/logo\/image\/"},"sameAs":["https:\/\/www.facebook.com\/ConcellodeArteixoOficial\/","https:\/\/x.com\/arteixooficial","https:\/\/www.instagram.com\/concellodearteixo\/?hl=es"]}]}},"_links":{"self":[{"href":"https:\/\/agendaurbana.arteixo.org\/gl\/wp-json\/wp\/v2\/tribe_events\/2192","targetHints":{"allow":["GET"]}}],"collection":[{"href":"https:\/\/agendaurbana.arteixo.org\/gl\/wp-json\/wp\/v2\/tribe_events"}],"about":[{"href":"https:\/\/agendaurbana.arteixo.org\/gl\/wp-json\/wp\/v2\/types\/tribe_events"}],"author":[{"embeddable":true,"href":"https:\/\/agendaurbana.arteixo.org\/gl\/wp-json\/wp\/v2\/users\/1"}],"version-history":[{"count":4,"href":"https:\/\/agendaurbana.arteixo.org\/gl\/wp-json\/wp\/v2\/tribe_events\/2192\/revisions"}],"predecessor-version":[{"id":2711,"href":"https:\/\/agendaurbana.arteixo.org\/gl\/wp-json\/wp\/v2\/tribe_events\/2192\/revisions\/2711"}],"wp:attachment":[{"href":"https:\/\/agendaurbana.arteixo.org\/gl\/wp-json\/wp\/v2\/media?parent=2192"}],"wp:term":[{"taxonomy":"post_tag","embeddable":true,"href":"https:\/\/agendaurbana.arteixo.org\/gl\/wp-json\/wp\/v2\/tags?post=2192"},{"taxonomy":"tribe_events_cat","embeddable":true,"href":"https:\/\/agendaurbana.arteixo.org\/gl\/wp-json\/wp\/v2\/tribe_events_cat?post=2192"}],"curies":[{"name":"wp","href":"https:\/\/api.w.org\/{rel}","templated":true}]}}

<p>[et_pb_section fb_built=&#8221;1&#8243; admin_label=&#8221;section&#8221; _builder_version=&#8221;4.16&#8243; da_disable_devices=&#8221;off|off|off&#8221; global_colors_info=&#8221;{}&#8221; da_is_popup=&#8221;off&#8221; da_exit_intent=&#8221;off&#8221; da_has_close=&#8221;on&#8221; da_alt_close=&#8221;off&#8221; da_dark_close=&#8221;off&#8221; da_not_modal=&#8221;on&#8221; da_is_singular=&#8221;off&#8221; da_with_loader=&#8221;off&#8221; da_has_shadow=&#8221;on&#8221;][et_pb_row admin_label=&#8221;row&#8221; _builder_version=&#8221;4.16&#8243; background_size=&#8221;initial&#8221; background_position=&#8221;top_left&#8221; background_repeat=&#8221;repeat&#8221; global_colors_info=&#8221;{}&#8221;][et_pb_column type=&#8221;4_4&#8243; _builder_version=&#8221;4.16&#8243; custom_padding=&#8221;|||&#8221; global_colors_info=&#8221;{}&#8221; custom_padding__hover=&#8221;|||&#8221;][et_pb_text _builder_version=&#8221;4.27.4&#8243; _module_preset=&#8221;default&#8221; hover_enabled=&#8221;0&#8243; sticky_enabled=&#8221;0&#8243; admin_label=&#8221;Text &#8211; Actores territoriales representantes del tercer sector y entidades sociales con incidencia en el ámbito territorial de Arteixo&#8221;]</p>
<p>Actores territoriais representantes do terceiro sector e entidades sociais con incidencia no ámbito territorial de Arteixo.</p>
<p>• Obxecto da reunión: presentación do marco correspondente á candidatura #de acordo con a Orde HAC/1072/2024, do 2 de outubro, pola que se aproban as bases reguladoras para a asignación de senda financeira FEDER a Plans de actuación integrados de entidades locais, no marco do Desenvolvemento Urbano Sostible, con cargo ao Fondo Europeo de Desenvolvemento Rexional no período de programación 2021-2027.</p>
<p>• Accións desenvolvidas:</p>
<p><strong>1.</strong> Exposición dos proxectos propostos para o Plan de Actuación Integrado (PAI) da Estratexia de Desenvolvemento Integrado Local (EDIL), todos eles resultantes do proceso participativo desenvolvido #de acordo con o modelo de gobernanza de AURA.</p>
<p><strong>2.</strong> Presentación da Fase 3 de AURA: implementación do modelo de gobernanza territorial para crear a Axenda Compartida.</p>
<p><strong>3.</strong> Acción grupal: realización de preguntas e propostas incorporadas na elaboración definitiva do PAI – Arteixo en positivo.</p>
<p><strong>Asistentes:</strong></p>
<p>• Centro Agarimo Terciarios capuchinos #Luis Amigó Amigonianos • Asociación Agarimo Arteixo • APEM Coruña Asociación prol enfermos mentais • ASPACE. Asociación de pais de persoas con parálise cerebral • AFACO. Asociación de familiares de enfermos de Alzheimer • Federación de Xordos. SAPS Coruña (FAXPG).   <br />• Federación de Xordos. Emprego. Coruña (FAXPG)<br />• AC Mariana<br />• Departamento de Servizos Sociais<br />• Departamento de Participación Cidadá<br />• Departamento de Economía e Facenda<br />• Oficina de Planificación Estratéxica  </p>
<p>[/et_pb_text][/et_pb_column][/et_pb_row][/et_pb_section]</p>

<p>Actores territoriais representantes do terceiro sector e entidades sociais con incidencia no ámbito territorial de Arteixo. • Obxecto da reunión: presentación do marco correspondente á candidatura #de acordo con a [&hellip;]</p>

<!-- This site is optimized with the Yoast SEO plugin v27.4 - https://yoast.com/product/yoast-seo-wordpress/ -->
<title>Mesa Sectorial Servizos Sociais - Agenda Urbana</title>
<meta name="robots" content="index, follow, max-snippet:-1, max-image-preview:large, max-video-preview:-1" />
<link rel="canonical" href="https://agendaurbana.arteixo.org/gl/evento/mesa-sectorial-servizos-sociais/" />
<meta property="og:locale" content="gl_ES" />
<meta property="og:type" content="article" />
<meta property="og:title" content="Mesa Sectorial Servizos Sociais - Agenda Urbana" />
<meta property="og:description" content="Actores territoriais representantes do terceiro sector e entidades sociais con incidencia no ámbito territorial de Arteixo. • Obxecto da reunión: presentación do marco correspondente á candidatura #de acordo con a [&hellip;]" />
<meta property="og:url" content="https://agendaurbana.arteixo.org/gl/evento/mesa-sectorial-servizos-sociais/" />
<meta property="og:site_name" content="Agenda Urbana" />
<meta property="article:publisher" content="https://www.facebook.com/ConcellodeArteixoOficial/" />
<meta property="article:modified_time" content="2025-03-10T13:13:15+00:00" />
<meta name="twitter:card" content="summary_large_image" />
<meta name="twitter:site" content="@arteixooficial" />
<meta name="twitter:label1" content="Tempo de lectura" />
	<meta name="twitter:data1" content="2 minutos" />
<script type="application/ld+json" class="yoast-schema-graph">{"@context":"https:\/\/schema.org","@graph":[{"@type":"WebPage","@id":"https:\/\/agendaurbana.arteixo.org\/gl\/evento\/mesa-sectorial-servizos-sociais\/","url":"https:\/\/agendaurbana.arteixo.org\/gl\/evento\/mesa-sectorial-servizos-sociais\/","name":"Mesa Sectorial Servizos Sociais - Agenda Urbana","isPartOf":{"@id":"https:\/\/agendaurbana.arteixo.org\/#website"},"datePublished":"2025-02-20T07:10:50+00:00","dateModified":"2025-03-10T13:13:15+00:00","breadcrumb":{"@id":"https:\/\/agendaurbana.arteixo.org\/gl\/evento\/mesa-sectorial-servizos-sociais\/#breadcrumb"},"inLanguage":"gl-ES","potentialAction":[{"@type":"ReadAction","target":["https:\/\/agendaurbana.arteixo.org\/gl\/evento\/mesa-sectorial-servizos-sociais\/"]}]},{"@type":"BreadcrumbList","@id":"https:\/\/agendaurbana.arteixo.org\/gl\/evento\/mesa-sectorial-servizos-sociais\/#breadcrumb","itemListElement":[{"@type":"ListItem","position":1,"name":"Inicio","item":"https:\/\/agendaurbana.arteixo.org\/gl\/axenda-urbana\/"},{"@type":"ListItem","position":2,"name":"Eventos","item":"https:\/\/agendaurbana.arteixo.org\/eventos\/"},{"@type":"ListItem","position":3,"name":"Mesa Sectorial Servizos Sociais"}]},{"@type":"WebSite","@id":"https:\/\/agendaurbana.arteixo.org\/#website","url":"https:\/\/agendaurbana.arteixo.org\/","name":"Agenda Urbana","description":"Identificación de los principales retos estratégicos para la definición del futuro de Arteixo","publisher":{"@id":"https:\/\/agendaurbana.arteixo.org\/#organization"},"potentialAction":[{"@type":"SearchAction","target":{"@type":"EntryPoint","urlTemplate":"https:\/\/agendaurbana.arteixo.org\/?s={search_term_string}"},"query-input":{"@type":"PropertyValueSpecification","valueRequired":true,"valueName":"search_term_string"}}],"inLanguage":"gl-ES"},{"@type":"Organization","@id":"https:\/\/agendaurbana.arteixo.org\/#organization","name":"Concello de Arteixo","url":"https:\/\/agendaurbana.arteixo.org\/","logo":{"@type":"ImageObject","inLanguage":"gl-ES","@id":"https:\/\/agendaurbana.arteixo.org\/#\/schema\/logo\/image\/","url":"https:\/\/agendaurbana.arteixo.org\/wp-content\/uploads\/2023\/12\/logoArteixoAzul.png","contentUrl":"https:\/\/agendaurbana.arteixo.org\/wp-content\/uploads\/2023\/12\/logoArteixoAzul.png","width":568,"height":128,"caption":"Concello de Arteixo"},"image":{"@id":"https:\/\/agendaurbana.arteixo.org\/#\/schema\/logo\/image\/"},"sameAs":["https:\/\/www.facebook.com\/ConcellodeArteixoOficial\/","https:\/\/x.com\/arteixooficial","https:\/\/www.instagram.com\/concellodearteixo\/?hl=es"]}]}</script>
<!-- / Yoast SEO plugin. -->

Actores territoriais representantes do terceiro sector e entidades sociais con incidencia no ámbito territorial de Arteixo. • Obxecto da reunión: presentación do marco correspondente á candidatura #de acordo con a [&hellip;]

Identificación de los principales retos estratégicos para la definición del futuro de Arteixo
